+ 0*b**2 - b**2. Calculate n(-4).
-5
Let q be (1 - 0 - 5)/(-2). Suppose q*f + 53 = 35. Let t(m) = -m**3 - 8*m**2 + 9*m - 3. Determine t(f).
-3
Let z(y) be the second derivative of y**3/6 - y. Let v(b) = -b + 1. Let g(q) = v(q) - 6*z(q). Let h(i) = -i**3 + 6*i**2 - 7*i + 11. Let l be h(5). Give g(l).
-6
Let v(b) be the second derivative of -2/3*b**3 - 5/12*b**4 - 1/20*b**5 + 0 - 59*b - 2*b**2. Give v(-4).
-4
Let z(p) = 3*p**2 - 5*p - 13. Let f(v) = 2*v**2 + 5*v - 127. Let n be f(7). Give z(n).
65
Let y(k) = -k - 9. Let x(l) = -64*l**2 + 65*l**2 - 2*l**3 + 2*l - 8*l**3. Let t be x(-1). Determine y(t).
-18
Let x(d) = -19*d - 6. Let v(q) = 42*q + 12. Let c(i) = 4*v(i) + 9*x(i). Let w = -20 + 10. Let s = w + 6. What is c(s)?
6
Let b(w) = 4*w**2 + w + 1. Let x be 9 + -23 - (-12 - 1). Determine b(x).
4
Let x(v) = 2*v**3 + 4*v**2 - 138392 - 6*v**2 + 138393 - 2*v. Let p = 3 + -1. Determine x(p).
5
Let v(s) be the third derivative of -s**7/5040 + 13*s**6/720 - 2*s**5/3 - s**3/6 + 152*s**2. Let j(o) be the third derivative of v(o). Calculate j(0).
13
Suppose -m - 5*q = 34, -4*m + 2*q + 275 - 301 = 0. Let g(v) = -v - 21. Let l = 21 - 10. Let o(y) = 2*y + 41. Let j(h) = l*g(h) + 6*o(h). What is j(m)?
6
Let d(a) = -a + 1. Let n(q) = -4*q + 2. Suppose -4*o + 28 = 4*m, 10 = o - 4*m + 23. Let z(j) = o*d(j) - n(j). Let y be 6*(-10 - 192/(-18)). What is z(y)?
5
Let b(g) be the second derivative of -g**5/20 + 7*g**4/12 - 3*g**3/2 + 4*g**2 - 2*g + 53. Give b(6).
-10
Let f(c) be the second derivative of -c**4/12 - c**3/3 - 24*c. Let w(k) = -2*k**2 - 2*k + 2. Let n(x) = 3*f(x) - w(x). What is n(-3)?
1
Let x(r) = -306*r + 3976. Let i be x(13). Let n(t) = 2*t**3 + t**2 - 4*t - 1. What is n(i)?
-5
Suppose 0 = -7*x + 12*x + 25. Let y be 30 - (-2 - 3)/x. Suppose 0 = -y*b + 27*b - 20. Let m(g) = g + 12. Give m(b).
2
Suppose 0*q = -q + 1, -4*p + 243 = 3*q. Suppose 12*j - p = 8*j. Suppose -5*f + j = 0, -2*g + 3*f = -f + 22. Let d(t) = -t**2 - 3*t - 1. Give d(g).
-11
Let a(d) = d**3 - 6*d**2 + 3*d - 6. Suppose 3*s + 62 = -2*b, 0 = b + 1 - 3. Let z be (-242)/(-44)*(-24)/s. Give a(z).
12
Let t(h) = h**2 - 2*h - 7. Let v(j) = 4*j**3 + 22*j**2 + j - 25. Let x be v(-5). Suppose k - x = -4*b, 11*k - 12*k = 2*b - 10. What is t(b)?
8
Let d(h) = -2*h + 27. Let m be d(10). Let j(q) = 10 - m - 3 - 5*q. Let z = -4 + 2. Give j(z).
10
Let d(x) be the first derivative of x**4/12 + x**2 + 14. Let f(z) be the second derivative of d(z). Let p(a) = 2*a - 16. Let o be p(9). Give f(o).
4
Let m(f) = 3*f + 1 - 4*f + 1. Let u = 156923 + -156923. Calculate m(u).
2
Let j be (-840)/(-2) + 16 + -14. Let w = 420 - j. Let t(r) = 2*r**3 + 2*r**2 - r - 1. Give t(w).
-7
Suppose 191*n - 91 - 1145 = 292. Let t(x) = -x**3 + 9*x**2 - 12*x + 33. What is t(n)?
1
Let z(f) = f**3 - 5*f**2 - 4*f - 12. Let p(d) = -8*d - 148. Let x be p(-18). Let k be (x/(-12))/((-5)/(-90)) + 0. Give z(k).
0
Let j(z) be the third derivative of -z**7/5040 + z**6/360 - 11*z**5/60 + 13*z**4/24 + 56*z**2. Let q(k) be the third derivative of j(k). What is q(3)?
-1
Let v(n) = 6*n**2 - 4*n - 13. Let q(c) = -5*c**2 + 4*c + 12. Let m(f) = -5*q(f) - 4*v(f). Let j(d) be the first derivative of m(d). Let y = 2 + 3. What is j(y)?
6
Let n(z) be the third derivative of -z**4/12 + z**3/6 + 2*z**2. Let k be (-2)/(-15) + 5 + (-552)/90. Let u be k/(-2) - 105/(-70). Calculate n(u).
-3
Suppose 5*q + 11*x - 38 = 14*x, 0 = -5*q + 2*x + 37. Let p(r) = -2*r + 9*r + q - 8 + 4. What is p(-1)?
-4
Let w(s) = s**3 + 19*s**2 + 33*s - 7. Let q = -1021 + 1004. Calculate w(q).
10
Let f(u) = 2*u**3 + 3*u**2 + 2*u - 1. Let x = 241 + -286. Let q be x/(-30)*(-5)/((-15)/(-4)). Determine f(q).
-9
Suppose -3*w - 1871 = -5*l, -l + 295 = w - 76. Let m(a) = -1 - l*a + 366*a + 4. What is m(2)?
-11
Let s(r) be the second derivative of -r**7/2520 - 13*r**6/720 + 17*r**5/120 + r**4/4 + 5*r**3/6 + 179*r. Let i(y) be the third derivative of s(y). Give i(-14).
3
Let x(f) = f**2 + 5*f. Let z be x(-7). Let n = 19 - z. Let w(h) = 10 - h - n + 3 - 4. Give w(5).
-1
Suppose -x = -3 - 0. Let m(p) be the third derivative of 0*p + 37*p**2 - 1/6*p**3 - 1/60*p**5 + 0 + 1/6*p**4. Calculate m(x).
2
Let l(p) = -p**3 - 8*p**2 - 8*p - 10. Let s be (-36)/(-4)*6/3. Suppose -2*x + s = 4*i, 2*x = 2*i + 4 + 2. Suppose 2*a = -x - 9. Determine l(a).
-3
Let w(x) = 0 + 25*x - 10*x + 13. Let u(n) = -8*n - 7. Let o(g) = 5*u(g) + 3*w(g). Let y(z) = 1. Let b(r) = -o(r) + 3*y(r). Determine b(1).
-6
Let z(x) = 1 + 14*x - 24520*x**2 - 3 - 7*x + 24519*x**2 + 10*x. Give z(12).
58
Let k(l) = -5*l**2 - 3*l. Let t(g) = 17*g**2 + 21*g - 13. Let n(h) = -3*k(h) - t(h). What is n(-6)?
13
Let f(l) be the second derivative of -l**4/12 + 2*l**3/3 + 3*l**2/2 + 6*l. Let i be (-6 - (-9 + 4))*(58 - 65). Calculate f(i).
-18
Suppose -3*i - 4*l + 13 = 38, i + 3*l = -15. Let f(x) = -2*x**2 - 8*x + 17. Let b(w) = w**2 + 5*w - 8. Let y(j) = i*f(j) - 5*b(j). What is y(0)?
-11
Let y(m) = m**3 - 8*m**2 - 20*m + 10. Suppose -1122*z + 24 = -1148*z + 284. Give y(z).
10
Let o(u) = 238*u - 142*u - 97*u. Let a(y) be the third derivative of -y**5/60 + 13*y**4/24 - y**3/6 + y**2. Let c(h) = a(h) + 5*o(h). Determine c(6).
11
Let c(m) = -85 + 36 + 0*m**2 + m**2 + 9*m + 62 + 29. Give c(-12).
78
Let k = -26781 + 26780. Let v(q) = -2*q**3 + q**2 - 3*q - 2. Calculate v(k).
4
Let z = -322 + 349. Suppose 4*h - 19 = -z. Let t(b) = b**3 - 3*b**2 + 1. Determine t(h).
-19
Suppose 2*q + 4*u = 18, 0*q - 21 = -4*q - 3*u. Let c be 78/q*22/4. Let n(a) = -8*a + 2*a + a**2 - 140 + c. Calculate n(6).
3
Let y(r) = -31*r + 108. Suppose 0 = -3*s + 4*k - 15, -2*k = -5*s - 26 + 29. What is y(s)?
15
Let l be (-3 - (-32)/(-20)) + (1386/(-90) - -15). Let t(z) = z**3 + 9*z**2 + 16*z + 20. Give t(l).
40
Let h(t) = -t**2 - 4*t - 6. Suppose 18*n - 9 = 15*n. Let a(o) = -o**2 - 3*o - 5. Let f(j) = n*h(j) - 4*a(j). What is f(-2)?
6
Let p(q) = -111*q**3 - 13*q**2 - 7*q + 30. Let x(j) = -74*j**3 - 9*j**2 - 5*j + 21. Let o(l) = 7*p(l) - 10*x(l). Determine o(1).
-37
Let c(n) be the first derivative of -n**3/3 + 6*n**2 - 5*n + 1. Suppose -90*t + 162*t + 180 = 90*t. Give c(t).
15
Suppose -a = 0, 0*r = -4*r - 2*a + 8. Let t(j) = r - 2*j**2 - 2*j**2 + 8*j - 2*j - j**3. Let k be (45/(-36))/(2/8). Calculate t(k).
-3
Let y(v) = 3*v - 15. Let d(t) = 18*t - 61. Let a(n) = 4*d(n) - 17*y(n). What is a(-5)?
-94
Let y = 12 - 6. Let p(v) = 7*v - 8*v + y*v + v**2. Suppose 0 = 63*o + 130 + 185. Give p(o).
0
Let b = -185 - -189. Let d be 0 + (-3)/b + 63/(-28). Let x(m) = -m**2 - m - 3. Determine x(d).
-9
Let g(c) = c**2 + 2*c + 7. Let r be (-70 + 0)/(-5)*6/21. Suppose 7*k - 6*k - 13 = 2*a, -32 = 4*a - r*k. What is g(a)?
22
Let n(o) be the first derivative of 59 + 27*o + 1/2*o**2. Calculate n(0).
27
Let x(b) = -11*b + 2482 - 1239 - 1278. Let j(c) = 13*c + 37. Let r(n) = -6*j(n) - 7*x(n). Give r(0).
23
Let k(p) be the second derivative of 0 + 1/120*p**6 - 1/20*p**5 + 1/24*p**4 - 2/3*p**3 - 7*p**2 - 4*p. Let l(q) be the first derivative of k(q). Calculate l(3).
-1
Let v(t) = -2*t**2 + t - 3. Let d be 159/51 + 4 + (-210)/51. Let l(k) = 2*k**2 - k + 2. Let n(q) = d*l(q) + 2*v(q). Calculate n(1).
1
Let c(x) = -5*x - 171. Let w be c(-34). Let t(u) = -72 - 2*u + 26 + 44 - 7*u**2. Determine t(w).
-7
Let z(o) = 6*o**2 + 87*o + 93. Let d(s) = -2*s**2 - 29*s - 32. Let h(c) = 17*d(c) + 6*z(c). Give h(-14).
0
Let v(r) = -r**3 - 13*r**2 + 21*r - 90. Let w(t) = -5*t**3 - 63*t**2 + 108*t - 456. Let n(c) = -11*v(c) + 2*w(c). Calculate n(-18).
24
Let u(w) = w + 19. Let d = -212 - -226. Let c be -4 - (-21)/d*-6. Give u(c).
6
Let d(v) be the third derivative of 0 + v**2 - 1/4*v**5 + 0*v - 1/6*v**3 - 1/12*v**4. Suppose -96*n - 243 + 147 = 0. What is d(n)?
-14
Let l(g) = 6914 - 4*g + 4*g - 6919 + 2*g. Give l(-11).
-27
Let m(d) be the second derivative of d**3/3 - 21*d**2 + 3*d + 467. Give m(23).
4
Suppose 3*r + 3*n = 2*n + 70, -r - 4*n = -5. Let v(l) = 2 + 11*l**2 + 13*l**2 + 6*l - r*l**2. What is v(7)?
-5
Let t(f) = 32*f - 16. Let i(a) = -352*a + 176. Let m(u) = -3*i(u) - 32*t(u). Let s(r) = -16*r + 9. Let g(c) = -4*m(c) - 7*s(c). Let y = 1 + 0. What is g(y)?
-15
Suppose -2*g = 2*g - 12. Let r(f) = -65*f**3 - 3*f - 3 + 64*f**g + 2*f**2 - 3*f**2. Suppose -8 = -0*a + 4*a. Calculate r(a).
7
Let d(m) = 2*m**2 + 2*m + 59. Le